3 - -272) + (17 - 0) - (3 + -9)) + 47.
39
What is the value of 123 - 102 - (3 + -17 + -1)?
36
Evaluate 31 - (-21 - -47) - 6.
-1
Calculate -24 + (-267 - -132) - -42.
-117
Calculate -101 - ((16 - -11) + 6 + -9 + -3).
-122
What is -249 + 305 + 7 - (35 - 1)?
29
Calculate 34 + (-48 - (-32 + 4)) - 1.
13
What is (16 - -3) + 7 + (-26 - -40)?
40
Evaluate 2 + 40 - (-18 + 6 + -6) - -10.
70
55 + (50 - 32) + -100 + (0 - 21)
-48
Evaluate -25 + -59 + 21 + -5.
-68
Calculate 1 + -18 + 0 - (-38663 - -38744).
-98
Evaluate -11 + (-13 + 3 - (270 + -295)).
4
What is the value of (-190 - -55 - -40) + -10?
-105
Evaluate -2 - -17 - (17 + -5 + -12) - -12.
27
What is 8 - ((-1 - 2) + 5 + -80 + 10 + -4)?
80
Evaluate -2 + (9 - (-1 + 4)) + -5 + -10 + -4.
-15
What is the value of -99 - -80 - (-1 + -4) - -14?
0
What is 57 + -34 + (-15 - -37 - 11)?
34
What is the value of -19 + 81 + 92 + -105?
49
What is the value of 40 - (-5 + 9 + -9 + (3 - (1 - 11)))?
32
Evaluate 10 + 0 + -39 - -2.
-27
Evaluate 97 - 6 - (-3 + -10).
104
Calculate -11 + (34 - 7) + 0 - -21.
37
Evaluate -16 - (8 + -66 + -43).
85
What is 184 - 197 - (-11 + 5)?
-7
Evaluate -43 + 78 + -94 + 74.
15
Evaluate -128 + 132 - ((-8 - -1) + -30).
41
Evaluate -6 - (-881 - -864 - (-1 - 20)).
-10
What is 16 + (27 - ((21 - 51) + 183))?
-110
What is 6 + (116 + -89 + -28 + 1 - (1 - 8))?
13
Calculate 0 + (4 - 2 - (102 + -116)).
16
What is the value of 22 + -12 + 29 + -81 - (0 - -10)?
-52
Calculate -25 + -1 - (-2 - 58).
34
Calculate -25 - (74 + (-30 - 38)).
-31
What is the value of 2 - (-7 - -19) - (10 - ((-23 - 11) + -1))?
-55
Evaluate 10 + (15 + -12 - 50 - 5).
-42
What is the value of 128 - (146 + 77) - -155?
60
Evaluate -18 + 10 + 2 + -78 - (2 + -13).
-73
What is the value of -29 + -47 + 19 + 107?
50
What is (1 - -11) + (-15 - (6 + -7 + 29))?
-31
72 + -13 + -18 + 10 + -7 + 8
52
What is the value of 10 - ((-3 - 2) + -2) - 13?
4
Evaluate 33 + (10 + 3 + -33 - 31).
-18
Calculate (-50 - (-7 - (-8 + -11 + 7 + -2))) + 2.
-55
Evaluate 4 - 1 - ((4 - -6) + (7 - 3) + -39).
28
Evaluate (9 - (33 - -6)) + (4 + -12 - -9).
-29
What is -36 - 59 - -56 - 69?
-108
Calculate (9 - (10 + 6)) + -10 + (-12 - -24) + -24.
-29
60 + -4 + -106 + 92
42
What is the value of 9 + (-13 - 9) + (25 - (3 + -2)) + 11?
22
4 + 19 - ((-70 - 25 - 16) + 15)
119
Calculate -9 - -8 - -19 - 24 - 24.
-30
2 + -15 + -66 + 136 + -66
-9
Calculate (-449 - -435) + -12 + -26.
-52
Evaluate 96 + 66 + -51 + 22 + -27.
106
What is 1 + 6 - (-4 + (13 - 28 - -30))?
-4
199 - 195 - ((-3 - 2) + -21)
30
Evaluate 44 + 54 + (-38 - 27).
33
Calculate -11 + ((-3 - -10) + (-6 - -70 - -6) - 3).
63
Calculate (101 - 79 - 38) + -13.
-29
Evaluate -40 + (-43 + 48 - -62).
27
Evaluate -4 - (10 - (-24 + (8 - -6) - 0) - 2).
-22
169 + 17 + -80 - 89
17
Evaluate 10 - (-83 - -29 - -75).
-11
Evaluate (6 + -3 - 0) + -43 + (-11 + 40 - 35).
-46
Evaluate 1 - -22 - (-1 - -75 - 63) - -33.
45
-62 - (11 - (4 + 8 + (-7 - 2)) - -2)
-72
Calculate -28 - -3 - (98 - 149).
26
Evaluate 52 + -44 - -28 - 3.
33
What is (18 + -20 + 20 - 17) + (10 - 30)?
-19
What is the value of 544 + -531 - (-1 - 9)?
23
Calculate 14 - (-5 - -2) - (358 + -386).
45
-2 + 2 + -7 + 0 - (-3626 - -3637)
-18
Evaluate -13 - ((-48 - (-28 - -15)) + 5 + -2).
19
What is the value of 0 + 11 - (-49 + (70 - 59))?
49
What is 18 - (2 + (4 - 19) - -76)?
-45
What is the value of 43 - (-8 + 19 + (7 - 12 - 5) - -10)?
32
Calculate 14 - (15 + -2 + 36).
-35
28 + (54 - 26 - 6) + (-10 - -1) + -4
37
What is 44 + -27 - 4 - 0 - (4 + -118 + -5)?
132
Evaluate (34 - (-57 - -102)) + -4 + (-49 - -2).
-62
22223 + -22287 + (-2 - (-3 + 2))
-65
What is the value of (1 - -4) + -4 - (-61 + (-17 - -35))?
44
Evaluate -26 + (-11 - -41) + -5 + (-2 - 31).
-34
What is 21 + 45 + -67 + -14 + -3?
-18
Evaluate 2 - -20 - (-78 - (146 + -210)).
36
5 - (7 - 6 - -3 - 14)
15
Calculate ((12 - 25) + 17 - -12 - 22) + 53.
47
-3 + 1 - -4 - (37 - (-48 - -74))
-9
285 + -313 - (-74 + -3)
49
(-2755 - -2721) + 1 + -26
-59
Calculate (-20 - (-8 - 32)) + -35 - 10.
-25
(71 - 19) + -68 + (5 + 3 + -4 - 1)
-13
What is 102 + -17 + 11 + (-80 - -76)?
92
Evaluate 10 + -4 + -20 + 18 + (4 - 5).
3
Calculate -42 - (246 + -197 - (33 + 1)).
-57
Evaluate (-2 - -4 - (34 - 50) - 9) + -35.
-26
Calculate 109 - (220 + -62 + -23).
-26
What is the value of 1 + -6 + (4 - 3) + (-119 - -122)?
-1
Evaluate 110 + -153 + 11 + -1 + -2.
-35
125 + (40 - 132) - 154
-121
What is (-4 - (1 + (-2 - -27) + (638 - 635))) + -6?
-39
What is 103 + -141 - ((6 - 5) + 21)?
-60
What is 6 + 63 - (89 - 59)?
39
What is the value of 62 + -7 + 26 + -81?
0
-25 - (-24 - (-1 - (24 + -23)))
-3
Calculate -69 - (15 + -68) - -77.
61
What is (3 - (15 + -20 - 11)) + 18?
37
Evaluate 33 - (-12 + (14 - 47 - -29)).
49
Calculate 3 - (-22 + 14) - 19 - -25.
17
Calculate 29 + (15 - -22 - 31) + -59.
-24
Calculate (2645 - 2559) + (-55 - -2).
33
(17 + (-6 - -4) + 4 - (-317 + 324)) + 43
55
Evaluate -10 - ((-59 - -64) + -14 + (1 - -20)).
-22
What is -1 + (5 - (2 + (9 - 18) + 5) - -29)?
35
(-192 - 1) + 1744 + -1684
-133
What is the value of (-68 + 43 - -18) + -22 + -1?
-30
76 + (4 - -1) - 102
-21
What is the value of (8 + -40 + 19 + 11 - -16) + -3?
11
What is the value of (-2 + -3 - (-16 - (1 + -10 - -3))) + -11?
-6
Evaluate -52 - (21 - (120 + -63)).
-16
Evaluate -2 + -17 + 2222 + -2193.
10
Evaluate 4 + -20 + 17 + -21 + (-4 - 1) + 10.
-15
Calculate -16 + 15 + -9 - (30 + -13).
-27
-1 + 103 + (-4745 - -4689)
46
What is (-2 - (12 + -6 + -14)) + -10 - -82?
78
What is the value of -3 - 21 - -1 - (-53 - (-86 + 26))?
-30
Evaluate -31 - (26 + 21 + 3).
-81
What is the value of -138 + 143 + 14 + 115?
134
Calculate -14 + 23 + -3 + 11 + -15 - -63.
65
What is the value of (-276 - -264 - ((3 - 2) + 2)) + -7 + 7?
-15
What is the value of (0 + -1 + (-137 - -148) - 4) + -33?
-27
177 + -97 + -58 + -133
-111
(-8 - 5 - (-18 - 6) - 6) + (47 - 2)
50
Evaluate 44 + 1 + -48 + 38 + (-1 - -4).
38
Evaluate (-22 + 7 + -7 - 5) + (10 - 11).
-28
(-4 + 1 - (-19 + 16 + 7)) + 5
-2
Evaluate 62 + (-47 - (-74 + 34)).
55
What is the value of ((18 - 12) + -10 - -13) + 0 + 17?
26
Evaluate (-2 - (-21 - -81)) + -9 + 12 + -12.
-71
22 + (-3 + -17 - 19) - -6
-11
Calculate (9 - ((-49 - 9) + 6)) + (-15 - 0).
46
What is the value of 45 + (-95 - (-144 + 153))?
-59
(5 - (-3 + 3)) + (-2 - (-7 + 81)) + -6
-77
-12 + -53 + 71 - 12
-6
Calculate 22 - ((15 - (13 + 20)) + 9).
31
85 + (-31 - (110 + -49))
-7
Calculate -11 - -5 - -22 - 57.
-41
What is (-19 - -16 - (2 + -13) - -5) + -2 + 38?
49
What is (15 - 4 - 16) + (5 - 6) + 16?
10
Evaluate 16 - (21 - (33 - 24)) - (-36 + 4 + -3).
39
What is the value of -61 + (59 - 8) + 31?
21
What is 3519 - 3516 - (0 + (-2 - 0 - -16))?
-11
Calculate 10 + (11 - (7 - (-13 - -9))) + -60.
-50
What is 10 - (40 + -1 - ((-8 - -3) + 15))?
-19
Calculate (-1 - 9) + -21 + 22 + -12 + 0.
-21
What is -1 + -3 + 9 + -2 + (-67 - (-74 + 58))?
-48
Evaluate (5 - 3 - 2) + -79 + 6184 + -6169.
-64
Calculate -93 + (-158 - -72 - -243).
64
-10 - (11 - 11 - 6)
-4
40 + 1 + (1739 - 1819)
-39
What is the value of (27 - (42 - 35)) + (-19 - -8) + 106?
115
11 - (-20 - -10) - (-9 + -1 + 2)
29
Evaluate -11 + (0 + 2 - -24 - (-31 - (-38 - -2))).
10
What is 24 + (31 - (91 - 6)) + 46?
16
Calculate 1 + 1 + 2 + 5 + (-186 - -171).
-6
What is (177 - 161) + -12 - ((113 - (-3 + 2)) + -3)?
-107
-36 + (2 - (28 + -109))
47
Evaluate (-11 + (8 - -17) - 3) + (-53 - 0).
-42
(-4 - 4) + 0 + -10 + -9 + 9
-18
What is the value of -18 + 7 - (-4 + -1) - (-108 + 24 + 17)?
61
What is the value of (-3 - 7) + -9 + -5 + -19?
-43
What is 116 - (13 + 31 - 0) - -25?
97
Calculate -49 - -61 - (4 - (-2 - 6) - 67).
67
Calculate -7 + (12 - (-7 - (-13 + -8))) + 34.
25
Evaluate (1 - 5) + 15 + -3 - (-278 + 338).
-52
-41 + -4 + -13 + 1 + (-9 - (14 + -32))
-48
Calculate -16 + -4 + 4 - (-20 + -1 + 30 + -21).
-4
Evaluate 199 + -117 + -73 + (3 - 22) + 0 + -1.
-11
Calculate 1 + (189 + -199 - (-3 + (-10 - 0))).
4
Calculate 8 - (-26 - ((-2 - -15) + (2 - 4)) - -1).
44
Evaluate 116 + -50 - 88 - -5.
-17
Evaluate 0 + -4 - -6 - ((6 + -10 - 4) + 11).
-1
What is the value of -26 - (2 - 9 - 15) - 108?
-112
What is the value of (-1 - (67 + -2)) + 8 + 32 + -24?
-50
(0 - -1) + -197 + 167 - (1 - 12)
-18
Evaluate (-386 - -316) + (-10 - -70).
-10
-11 + -90 + 42 - (-3 - -1)
-57
23 + -58 + 7 + 22 + -1
-7
What